{"id":3260,"date":"2017-05-26T08:12:34","date_gmt":"2017-05-26T06:12:34","guid":{"rendered":"https:\/\/hasici.visnove.cz\/?page_id=3260"},"modified":"2017-06-02T08:00:43","modified_gmt":"2017-06-02T06:00:43","slug":"vzdelavani","status":"publish","type":"page","link":"https:\/\/hasici.visnove.cz\/?page_id=3260","title":{"rendered":"Vzd\u011bl\u00e1v\u00e1n\u00ed"},"content":{"rendered":"<h5>Zde budou postupn\u011b p\u0159id\u00e1v\u00e1ny materi\u00e1ly pro \u0161kolen\u00ed a vzd\u011bl\u00e1v\u00e1n\u00ed hasi\u010d\u016f<\/h5>\n<p><a href=\"https:\/\/hasici.visnove.cz\/wp-content\/uploads\/2017\/05\/organizace_radioveho_spojeni.pdf\">organizace_radioveho_spojeni<\/a><\/p>\n<p><a href=\"https:\/\/hasici.visnove.cz\/wp-content\/uploads\/2017\/05\/Radioprovoz-SDH.pps\">Radioprovoz SDH<\/a><\/p>\n<p><a href=\"https:\/\/hasici.visnove.cz\/wp-content\/uploads\/2017\/05\/Matra-vozidlov\u00fd-termin\u00e1l-G2.pdf\">Matra &#8211; vozidlov\u00fd termin\u00e1l G2<\/a><\/p>\n","protected":false},"excerpt":{"rendered":"<p>Zde budou postupn\u011b p\u0159id\u00e1v\u00e1ny materi\u00e1ly pro \u0161kolen\u00ed a vzd\u011bl\u00e1v\u00e1n\u00ed hasi\u010d\u016f organizace_radioveho_spojeni Radioprovoz SDH Matra &#8211; vozidlov\u00fd termin\u00e1l G2<\/p>\n","protected":false},"author":1,"featured_media":0,"parent":0,"menu_order":0,"comment_status":"closed","ping_status":"closed","template":"","meta":[],"_links":{"self":[{"href":"https:\/\/hasici.visnove.cz\/index.php?rest_route=\/wp\/v2\/pages\/3260"}],"collection":[{"href":"https:\/\/hasici.visnove.cz\/index.php?rest_route=\/wp\/v2\/pages"}],"about":[{"href":"https:\/\/hasici.visnove.cz\/index.php?rest_route=\/wp\/v2\/types\/page"}],"author":[{"embeddable":true,"href":"https:\/\/hasici.visnove.cz\/index.php?rest_route=\/wp\/v2\/users\/1"}],"replies":[{"embeddable":true,"href":"https:\/\/hasici.visnove.cz\/index.php?rest_route=%2Fwp%2Fv2%2Fcomments&post=3260"}],"version-history":[{"count":4,"href":"https:\/\/hasici.visnove.cz\/index.php?rest_route=\/wp\/v2\/pages\/3260\/revisions"}],"predecessor-version":[{"id":3377,"href":"https:\/\/hasici.visnove.cz\/index.php?rest_route=\/wp\/v2\/pages\/3260\/revisions\/3377"}],"wp:attachment":[{"href":"https:\/\/hasici.visnove.cz\/index.php?rest_route=%2Fwp%2Fv2%2Fmedia&parent=3260"}],"curies":[{"name":"wp","href":"https:\/\/api.w.org\/{rel}","templated":true}]}}