{"id":383,"date":"2012-05-06T07:44:28","date_gmt":"2012-05-06T05:44:28","guid":{"rendered":"https:\/\/hasici.visnove.cz\/?page_id=383"},"modified":"2017-04-28T09:27:04","modified_gmt":"2017-04-28T07:27:04","slug":"napsali-o-nas","status":"publish","type":"page","link":"https:\/\/hasici.visnove.cz\/?page_id=383","title":{"rendered":"Napsali o n\u00e1s"},"content":{"rendered":"<p><a href=\"https:\/\/hasici.visnove.cz\/wp-content\/uploads\/2017\/02\/20170207_074718.jpg\"><img loading=\"lazy\" class=\"alignnone size-large wp-image-2741\" src=\"https:\/\/hasici.visnove.cz\/wp-content\/uploads\/2017\/02\/20170207_074718-1024x679.jpg\" alt=\"\" width=\"800\" height=\"530\" srcset=\"https:\/\/hasici.visnove.cz\/wp-content\/uploads\/2017\/02\/20170207_074718-1024x679.jpg 1024w, https:\/\/hasici.visnove.cz\/wp-content\/uploads\/2017\/02\/20170207_074718-300x199.jpg 300w, https:\/\/hasici.visnove.cz\/wp-content\/uploads\/2017\/02\/20170207_074718.jpg 2029w\" sizes=\"(max-width: 800px) 100vw, 800px\" \/><\/a><\/p>\n<p>Znojemsko.cz<\/p>\n<h3><a href=\"http:\/\/www.znojemsko.cz\/clanek\/ve-visnove-horelo-na-carodejnice-a-na-svatek-prace\/2213\">Ve Vi\u0161\u0148ov\u00e9 ho\u0159elo na \u010darod\u011bjnice a na Sv\u00e1tek pr\u00e1ce<\/a><\/h3>\n<p>&nbsp;<\/p>\n<p>Znojemsk\u00fd den\u00edk.cz<\/p>\n<p>25.04.2012 06:13<\/p>\n<h3><a href=\"http:\/\/znojemsky.denik.cz\/zpravy_region\/dobrovolni-hasici-se-tesi-na-miliony-z-kraje-20120424.html\">Dobrovoln\u00ed hasi\u010di se t\u011b\u0161\u00ed na miliony z kraje<\/a><\/h3>\n<p>&nbsp;<\/p>\n<p>Znojemsk\u00fd t\u00fdden<\/p>\n<p>27.6.2011 10:32<\/p>\n<h3><a href=\"http:\/\/www.znoj-tyden.cz\/hasici-zachranovali-skolacku.a3752.html\">Hasi\u010di zachra\u0148ovali \u0161kola\u010dku<\/a><\/h3>\n<p>&nbsp;<\/p>\n<p>Znojemsk\u00fd den\u00edk.cz<\/p>\n<p>11.11.2009 15:42<\/p>\n<h3><a href=\"http:\/\/znojemsky.denik.cz\/hasici\/hasici-z-visnove-zasahovali-u-pozaru-rodinneho-dom.html\">Hasi\u010di z Vi\u0161\u0148ov\u00e9 zasahovali u po\u017e\u00e1ru rodinn\u00e9ho domu<\/a><\/h3>\n<p>&nbsp;<\/p>\n<p>&nbsp;<\/p>\n<h3 style=\"text-align: left;\">Dobrovoln\u00ed hasi\u010di z\u016fst\u00e1vaj\u00ed nezastupiteln\u00ed<\/h3>\n<p><a href=\"https:\/\/hasici.visnove.cz\/wp-content\/uploads\/2012\/05\/Napsali-o-nas.preview1.jpg\"><img loading=\"lazy\" class=\"alignnone size-full wp-image-386\" src=\"https:\/\/hasici.visnove.cz\/wp-content\/uploads\/2012\/05\/Napsali-o-nas.preview1.jpg\" alt=\"\" width=\"640\" height=\"467\" srcset=\"https:\/\/hasici.visnove.cz\/wp-content\/uploads\/2012\/05\/Napsali-o-nas.preview1.jpg 640w, https:\/\/hasici.visnove.cz\/wp-content\/uploads\/2012\/05\/Napsali-o-nas.preview1-300x218.jpg 300w\" sizes=\"(max-width: 640px) 100vw, 640px\" \/><\/a><\/p>\n<p>&nbsp;<\/p>\n","protected":false},"excerpt":{"rendered":"<p>Znojemsko.cz Ve Vi\u0161\u0148ov\u00e9 ho\u0159elo na \u010darod\u011bjnice a na Sv\u00e1tek pr\u00e1ce &nbsp; Znojemsk\u00fd den\u00edk.cz 25.04.2012 06:13 Dobrovoln\u00ed hasi\u010di se t\u011b\u0161\u00ed na<\/p>\n","protected":false},"author":1,"featured_media":0,"parent":0,"menu_order":0,"comment_status":"open","ping_status":"open","template":"","meta":[],"_links":{"self":[{"href":"https:\/\/hasici.visnove.cz\/index.php?rest_route=\/wp\/v2\/pages\/383"}],"collection":[{"href":"https:\/\/hasici.visnove.cz\/index.php?rest_route=\/wp\/v2\/pages"}],"about":[{"href":"https:\/\/hasici.visnove.cz\/index.php?rest_route=\/wp\/v2\/types\/page"}],"author":[{"embeddable":true,"href":"https:\/\/hasici.visnove.cz\/index.php?rest_route=\/wp\/v2\/users\/1"}],"replies":[{"embeddable":true,"href":"https:\/\/hasici.visnove.cz\/index.php?rest_route=%2Fwp%2Fv2%2Fcomments&post=383"}],"version-history":[{"count":22,"href":"https:\/\/hasici.visnove.cz\/index.php?rest_route=\/wp\/v2\/pages\/383\/revisions"}],"predecessor-version":[{"id":3037,"href":"https:\/\/hasici.visnove.cz\/index.php?rest_route=\/wp\/v2\/pages\/383\/revisions\/3037"}],"wp:attachment":[{"href":"https:\/\/hasici.visnove.cz\/index.php?rest_route=%2Fwp%2Fv2%2Fmedia&parent=383"}],"curies":[{"name":"wp","href":"https:\/\/api.w.org\/{rel}","templated":true}]}}